 + i = -20*v + 5*b, -4*b + 12 = 0. List the prime factors of v.
3, 233
Let g(z) = -z**3 + 4*z**2 - 2*z + 1. Let t be g(3). Suppose -4*u - 2*x = 0, -u + t*x = -3*u. Suppose -16*m + 17*m - 7 = u. List the prime factors of m.
7
Suppose -35*q = 4*q - 391794. What are the prime factors of q?
2, 5023
Let o(v) = v**2 + 17*v + 10. Let a be o(-16). Let s be ((-3)/(-2))/(a/(-8)) + 5. Let d(f) = f**3 - 5*f**2 - 5*f - 6. List the prime factors of d(s).
3, 19
Let f(l) = -7*l - 186. Let p be f(-26). List the prime factors of -1 + p + (-1*1080)/(-2).
5, 107
Let b be (-119)/(-2) + 4/8. Suppose 8*u - 120 = 40. Suppose u = -5*k + b. What are the prime factors of k?
2
Suppose -635908 = -94*u + 23126. List the prime factors of u.
3, 19, 41
Let u be (-4 - -4) + 1/(2/6). Let o be 3 - (33/9 + (-2)/u). Suppose o*k = 3*n + 3*k - 207, -2*n + 2*k = -130. List the prime factors of n.
67
Let l(k) = -k**3 - 12*k**2 + 35*k + 14. Suppose 0 = 3*w - 5*z + 20, -3*w + 1 - 26 = -4*z. What are the prime factors of l(w)?
2, 41
Let h(y) be the third derivative of 0*y + 1/8*y**4 + 11/2*y**3 + 37*y**2 + 0. List the prime factors of h(19).
2, 3, 5
Suppose u - 15*u = -179573 - 53065. List the prime factors of u.
3, 29, 191
Let l(c) be the third derivative of 1/30*c**5 + 5/12*c**4 - c**2 + 0 - 5/6*c**3 + 0*c. What are the prime factors of l(5)?
5, 19
Let u = 12 + 23. Let z be (-54)/(-10) + 4/(-10)*1. What are the prime factors of (-21)/u - (-73)/z?
2, 7
Let s be (-2*(-5 - -10) - -5) + 6. What are the prime factors of (13 - 14)*(1/s + -710)?
709
Let c(m) be the third derivative of 3/10*m**5 + 1/120*m**6 + 0 + 7*m**2 + m**4 + 0*m - 8/3*m**3. List the prime factors of c(-16).
2, 7
What are the prime factors of -4 - (-918 + 6 + -13)?
3, 307
Let s = 55303 - 8921. List the prime factors of s.
2, 7, 3313
Let g = 50 - 44. Suppose -g*k + 27 = -9. Let w(o) = 30*o - 32. What are the prime factors of w(k)?
2, 37
Let p(f) be the first derivative of 19*f**4/4 + 4*f**3/3 - f**2/2 - 4*f + 13. Let m be p(2). Let w = m + -105. What are the prime factors of w?
3, 19
Suppose 4*h + 2*s + 4 = -s, 5*h + 2 = -3*s. Suppose 69 = 2*a - i, -87 = h*a - 5*a - 4*i. Suppose -a = g - 148. What are the prime factors of g?
5, 23
What are the prime factors of 108/(-4)*(-56)/12*(-1296)/(-28)?
2, 3
Let l(w) = -45*w - 19. Let y(j) = 43*j + 18. Let c(x) = 5*l(x) + 4*y(x). What are the prime factors of c(-12)?
613
Let o be (2/(-4) + 1)/((-13)/(-78)). Suppose -4*v - 5 = -1. List the prime factors of v + 21*o - 9/(-3).
5, 13
Let r be 4/14 + ((-76)/(-28) - 1). Suppose r*a - 187 = a. What are the prime factors of a?
11, 17
Suppose 0 = 20*b - 14*b - 5712. Let x = -456 + b. Let d = -313 + x. What are the prime factors of d?
3, 61
Let v(s) = -364*s + 1981. List the prime factors of v(-32).
3, 7, 11, 59
Let d = 32103 + -17855. List the prime factors of (d/(-39))/((-2)/3).
2, 137
Suppose 562 = 4*j + 4*i - 5*i, 3*j = -2*i + 427. Suppose 2*f + 159 = j. List the prime factors of 1892/12 - 3/f.
2, 79
Suppose -247 = -10*j + 203. Suppose -40*o - 2320 = -j*o. What are the prime factors of o?
2, 29
Suppose 549*s = 548*s - 20. List the prime factors of (s/15 + 2)*(0 - -888).
2, 37
Let g = -15382 + 45170. List the prime factors of g.
2, 11, 677
Let u = 38644 + -4997. What are the prime factors of u?
33647
Let i(m) = m - 27. Let y be i(36). Suppose -3*k + y*k = 5460. What are the prime factors of k?
2, 5, 7, 13
Suppose -188*g + 1981930 = 3230. List the prime factors of g.
5, 421
Suppose v - 3863 = 4644 + 125. List the prime factors of v.
2, 13, 83
Let j = -3955 - -19255. What are the prime factors of j?
2, 3, 5, 17
Suppose 91*c = 102*c - 132. Let w(j) = 43*j - 198. What are the prime factors of w(c)?
2, 3, 53
Suppose 0 = 2*c - 2 + 6. Let v be ((-2 - c)/(-3))/2. List the prime factors of ((-1065)/20)/(v + 6/(-16)).
2, 71
Suppose 4*j + 2 = -2*c + 4, 5*c = 5*j + 20. Suppose 0 = -4*d + 2*d + p + 2301, 4*d = -c*p + 4597. What are the prime factors of d?
2, 5, 23
Let h be -1 + 51/45 + (-352)/165. Let o be ((337/2)/1)/(h/(-8)). Suppose 0 = -3*v - w + o, 4*v + 3*w - 895 = -2*w. What are the prime factors of v?
3, 5
Suppose 308 = 5*r + 3*d, -15*r - d = -20*r + 324. Suppose -3*k + r = 3*j - j, -3*k + 102 = 3*j. List the prime factors of j.
2, 19
Let o be (6/(-4))/(-3 + (-246)/(-84)). Let m(w) = -w**3 + 2*w**2 - o*w**2 + 16*w - w + 25 - 3*w. What are the prime factors of m(-20)?
5, 37
Let j(c) be the second derivative of 16*c**4/3 - 5*c**3/6 - 7*c**2 + 2*c - 20. List the prime factors of j(-2).
2, 3, 7
Let s(x) = 26*x + 49. Let v(a) = 79*a + 147. Let z(l) = -8*s(l) + 3*v(l). Let j be z(11). Let p = j + -120. What are the prime factors of p?
2, 31
Suppose 6*p - 2*p = 112. Let y be (-1 - -13)/((102/(-18))/(-17)). Let q = p + y. List the prime factors of q.
2
Suppose j - 4*u + 30 = 3*j, -5*j + 75 = -3*u. Let d(m) be the third derivative of m**4/6 + 17*m**3/6 - 19*m**2. What are the prime factors of d(j)?
7, 11
Suppose -250 + 248 = -2*m. Let s be 4008/21 + m/7. Let d = 292 - s. List the prime factors of d.
101
Let l = -3 + 72. Let k = 432 - l. List the prime factors of k.
3, 11
Let h(g) = g**3 + 13*g**2 - 15*g - 14. Let y be h(-14). Suppose -n + 81 + 288 = y. What are the prime factors of n?
3, 41
Let v = -13579 - -19910. List the prime factors of v.
13, 487
Let t(p) = 33*p**2 - 3*p - 1. Let a(y) = -y**3 + 5*y**2 + 3*y + 17. Let d be 2/2 - 6/(30/(-25)). Let u be a(d). List the prime factors of t(u).
5, 7
Suppose -s = -4*g - 5, s - 4*s = 5*g - 15. Suppose -s*u + i - 4*i + 40 = 0, 3*i = 0. What are the prime factors of u/(-24) - (-50)/6?
2
Let j be (-4)/(-34) - 399216/(-102). Suppose 4*b = -15*b + j. List the prime factors of b.
2, 103
Let x(j) = 7*j + 49. Suppose 0*t = -10*t + 160. Let i be x(t). Suppose -2*n = -51 - i. List the prime factors of n.
2, 53
Let l(g) be the third derivative of -g**5/4 + g**4/24 - g**3/3 - 12*g**2. Let a be l(1). Let h(z) = z**2 + 14*z + 16. What are the prime factors of h(a)?
2, 3
Let x = -587 + 3039. What are the prime factors of x?
2, 613
Let w = 149550 - 99741. List the prime factors of w.
3, 16603
Let n(c) = 541*c - 193. Let h be n(9). Suppose 10*a - 3*a = h. What are the prime factors of a?
2, 167
Let g = 59448 - 22464. List the prime factors of g.
2, 3, 23, 67
Suppose 39*v = 28*v + 29040. Let l = -1245 + v. What are the prime factors of l?
3, 5, 31
Let z = -19011 - -31979. List the prime factors of z.
2, 1621
Suppose 4*z - 11 = 9. Suppose -3*g + 8*o + 28 = 4*o, g + z*o = -16. What are the prime factors of 2/11 + g/((-88)/(-1250))?
3, 19
Let k(p) be the second derivative of -p**4/12 - 3*p**3 - p**2/2 + 16*p. Suppose -t - 13 - 56 = 4*b, 0 = -2*b - 2*t - 36. What are the prime factors of k(b)?
2
Suppose -106151 = -20*v + 148989. List the prime factors of v.
12757
Let i(p) = 64*p - 37. Let l(k) = 259*k - 149. Let v(n) = -9*i(n) + 2*l(n). What are the prime factors of v(-10)?
3, 5, 41
Let z = 5286 + 1948. What are the prime factors of z?
2, 3617
Suppose 2*f - 23962 = 2812. What are the prime factors of f?
11, 1217
Let p be 2/(-6)*(-5 + -7) + -1166. Let z = -663 - p. List the prime factors of z.
499
Let x = 4816 + 3486. List the prime factors of x.
2, 7, 593
Let g = -21 - -27. Let v(i) = -i**3 + 6*i**2 + 3*i + 1. Let q be v(g). Let k = 229 - q. List the prime factors of k.
2, 3, 5, 7
Suppose 4*j = -3*n + 2, -4*n - 7 + 3 = 2*j. Suppose 2*u + u = 2*w + 433, 2 = j*w. List the prime factors of u.
5, 29
Suppose -16160 = 114*q - 116*q. List the prime factors of q.
2, 5, 101
Suppose -95*v + 240054 + 4553592 = -21*v. What are the prime factors of v?
3, 11, 13, 151
Let d be (-3)/(-9)*(-2 + 4 + 13). Suppose 3*q - 3*j - 102 = -2*j, 0 = -5*q + d*j + 160. Let r = 60 - q. List the prime factors of r.
5
Suppose 6*b + 19001 = h, b + 4*b = -5*h + 95285. What are the prime factors of h?
43, 443
Let x(g) = 12*g + 13. Let l be x(-1). Let v be ((-516)/18)/(l/(-9)). Let n = v + -148. List the prime factors of n.
2, 5, 11
Let z(j) = -15*j + 9 + 59 + 2*j**2 - 8 - 17. What are the prime factors of z(16)?
3, 5, 7
Suppose 0 = 4*f + 16, f + 75767 + 84578 = 3*r. What are the prime factors of r?
19, 29, 97
Let g(s) be the first derivative of 34*s**3/3 + 5*s**2/2 + 3*s - 49. What are the prime factors of g(-1)?
2
Let z(v) = -13*v**3 + 2*v**2 - 45*v - 33. What